 38. Let v(r) = 5*b(r) - 2*h(r). Let m be v(25). Calculate the highest common divisor of m and 45.
9
Let w = 13 - 8. Suppose 2*s + 41 + 51 = -4*m, -m - 2*s - 17 = 0. Let y = m + 30. What is the highest common divisor of w and y?
5
Suppose -3*q - 4 = -16. What is the greatest common divisor of q and 68?
4
Let l(q) = -q**3 - 6*q**2 - 2*q - 5. Let j be l(-6). Suppose 4*g + 2 + 6 = 0. Let a be 5*(g - 68/(-20)). Calculate the greatest common factor of j and a.
7
Suppose n = 9*n - 64. Let q = -4 - -8. Suppose -n = m + 5*l + 11, q*m - 29 = l. Calculate the greatest common divisor of 66 and m.
6
Let j(y) = 4*y**2 - 2. Let g be j(1). Suppose g*a = 2*v - 226, v = 4*v - 5*a - 349. Calculate the highest common factor of 6 and v.
6
Let o be (-9)/(-6) + 150/12. Let l = -11 + o. What is the highest common factor of l and 1?
1
Suppose -3*a + 109 = -56. Let o be (8/10)/((-12)/(-330)). What is the highest common divisor of a and o?
11
Let y be (-1)/(-2) - (-6)/4. Suppose 25*n = -38 + 113. What is the highest common divisor of y and n?
1
Suppose -5*x - 3*h + 21 = 0, 8*x - 2*h - 11 = 3*x. Let s = 5 - x. Suppose s*z = -4*z + 78. Calculate the highest common divisor of z and 117.
13
Suppose 4*z + 8 = -3*t, -5*z - 5 = 4*t + t. Suppose 0*n = -n + 48. Let k = n + t. Calculate the highest common divisor of 13 and k.
13
Let q(u) = -u**3 - 14*u**2 + 7*u + 23. Let n be q(-15). Let c = n + -142. Calculate the greatest common divisor of c and 19.
1
Let s = -573 - -2582. What is the highest common factor of s and 41?
41
Let f be (189/(-6) + 1)*(-17 - -15). Calculate the highest common divisor of 1891 and f.
61
Let f(z) = -17 + 2*z + 35 - z. Suppose -3*n + 0*b - 4*b = 30, -4*n - 40 = 3*b. Let l be f(n). Calculate the highest common divisor of l and 72.
8
Let y be -2 + (0 + -3 - -6). Let l be ((y - 2) + 11)*4. Calculate the highest common divisor of 16 and l.
8
Let n be 116 - (1/(-2))/((-4)/8). Calculate the highest common divisor of n and 46.
23
Suppose 5*o - 1434 = 3*f, -256 = 2*f - o + 707. Let p be f/(-6) - 1/2. Calculate the greatest common factor of 16 and p.
16
Suppose 4*r = -2*r. Suppose -4 = -2*h + 6. Suppose 4*c + h*x - 61 = r, 0*c + 4*c - 3*x = 21. Calculate the greatest common divisor of c and 1.
1
Suppose 3*n + 3*k - 51 = 0, -5*k - 6 = -2*n - 0*k. Suppose -5*l - 4*f + 49 = 0, -3*f + 3 - 2 = l. What is the highest common factor of n and l?
13
Let s = 0 - -2. Let u be 16/7 - s/7. Let n(q) = -q + 27. Let b be n(13). Calculate the highest common divisor of u and b.
2
Let i be (-16)/(-24) - 508/(-3). What is the highest common divisor of i and 102?
34
Let v(s) = -2*s**2 + 32*s - 72. Let a be v(13). Calculate the highest common factor of a and 16.
2
Suppose 0 = -u + 3*i + 15, 2 = 5*u + 2*i - 5. Suppose -2*p + 67 = u*r, 0 = 5*p - 3*p - 2*r - 62. Calculate the highest common divisor of 64 and p.
32
Let v(j) = -j + 9. Let x be v(3). Suppose 88 = 2*r + x*r. Suppose -3*d = 4*z - 347, 2*d + 3*z - 69 = 161. Calculate the greatest common divisor of d and r.
11
Suppose -20*v = 4*w - 15*v - 16004, 0 = -5*w + 2*v + 19972. What is the highest common divisor of 54 and w?
54
Suppose u - 181 = -2*u - t, 0 = t + 5. Let s = u - 33. What is the greatest common divisor of 203 and s?
29
Let a be ((-5)/2)/(2/(-148)). Let z = -102 + a. Suppose -2*i + z = -93. What is the greatest common divisor of i and 8?
8
Suppose p + 227 = 4*a - 21, 236 = 4*a - 4*p. Calculate the highest common factor of a and 231.
21
Let u = 28 + -18. Let t be (132/u)/(28/70). Calculate the greatest common divisor of t and 22.
11
Let n = -1204 - -1278. What is the highest common factor of n and 481?
37
Let m be -145*(-16)/10 + 6. What is the greatest common factor of m and 28?
14
Suppose -67*k + 71*k - 576 = 0. What is the greatest common divisor of k and 54?
18
Let l(k) = -14*k + 85. Let n be l(6). Let s be (3 - n) + (6 - -109). What is the greatest common factor of s and 13?
13
Let x be 27/(-99) + (-7530)/(-22). Calculate the greatest common divisor of x and 76.
38
Let z be 45/(4 + 30/(-8)). Calculate the highest common divisor of 280 and z.
20
Let k(j) = -j**3 + 10*j**2 + j + 4. Let r be k(10). Suppose -t + 19 = -r. Calculate the greatest common factor of t and 132.
33
Let w(r) = -r**3 + 10*r**2 + 11*r + 4. Let p be (1 - 23)*12/(-24). Let s be w(p). Calculate the highest common factor of 40 and s.
4
Let m(n) = -n**3 + 7*n**2 + 8*n - 16. Let a be m(4). What is the greatest common divisor of a and 2?
2
Let i(w) = -41*w + 3. Let y be i(17). Let r = -386 - y. Calculate the greatest common divisor of r and 44.
44
Suppose -3*o + 484 = -188. Let v(t) = 13*t**2 + 205*t - 20. Let j be v(-16). Calculate the greatest common divisor of o and j.
28
Let n = 110 - 106. Let l = 54 - n. What is the highest common divisor of l and 50?
50
Suppose 3*l = -c + 36, 6*l + 66 = 3*c + l. Let v be (c/(-6))/(9/(-48)). What is the highest common factor of 60 and v?
12
Suppose -7*x - 10 = -9*x. Let p(z) = 69*z - 26. Let t be p(x). What is the highest common factor of t and 29?
29
Let d be (-96052)/(-616) - (-1)/14. Let u = 12 - -14. Calculate the highest common divisor of u and d.
26
Let c(p) = 9*p - 278. Let u be c(52). Calculate the greatest common factor of u and 399.
19
Let k be (-24 - -45)*(6 + -5). Calculate the greatest common divisor of k and 6.
3
Let o(x) = -17*x - 582. Let j be o(-38). Calculate the greatest common divisor of j and 848.
16
Let b(c) = -2*c**2 - 4*c - 8. Let r be b(-4). Let s = -18 - r. Calculate the highest common factor of s and 24.
6
Let d(v) = -v**2 - 13*v + 5. Let m be d(-10). Suppose 5*o = 3*q - m, 3*q = -5*o + 47 + 8. Let y = 22 - q. Calculate the greatest common factor of y and 14.
7
Suppose -968 = -3*j - j. What is the greatest common factor of 22 and j?
22
Let m = 56 - -89. What is the greatest common divisor of m and 87?
29
Suppose 2*n - 2*l = l - 9, 4*n = 5*l - 13. Suppose -u + 93 = 4*t + 19, n*t = 5*u + 44. Calculate the highest common divisor of 6 and t.
6
Let z = -142 + 16. Let k = -87 - z. Calculate the highest common divisor of k and 351.
39
Let n = 469 + -799. Let m = n - -539. Calculate the highest common divisor of 19 and m.
19
Let b be (-5)/(-15) + (-2226)/(-18). Suppose 8 = -2*x, -x - b = -4*h + 4*x. What is the greatest common divisor of 2 and h?
2
Let n be (-2)/(-6)*(3 + 0). Let c be (13 - 4) + (-4)/n. What is the greatest common factor of c and 10?
5
Let s(h) = 39*h. Let o be s(2). Let u be -4 + (0 - -4) + 4. Suppose 3*x - u*g - 248 = -o, 5*x = 5*g + 280. What is the highest common divisor of x and 6?
6
Suppose 7 = -3*p + 100. Let d = p + -15. Suppose 3*g + 3*a = 180, 2*g - 56 = g - 2*a. Calculate the greatest common divisor of g and d.
16
Let w(m) = m - 1. Let z be w(1). Let l be z + (-2066)/(1 - 3). Suppose l = 5*t + 318. What is the highest common divisor of 13 and t?
13
Suppose -4*j - 6*y = -5*y - 2013, 5*y + 15 = 0. What is the highest common factor of 6 and j?
6
Suppose 0 = -2*b + b + 63. Suppose b - 27 = o. Calculate the highest common divisor of o and 180.
36
Suppose -f + 494 = 142. Suppose 0 = 7*z - 19*z + 384. Calculate the greatest common factor of z and f.
32
Suppose 136*f - 2346 = 119*f. Calculate the greatest common divisor of 69 and f.
69
Suppose 0 = 2*w - 3*x + 7*x - 128, 3*w - x - 192 = 0. Calculate the highest common divisor of w and 704.
64
Let g = 25 + -20. Suppose -27 - 23 = -g*b. Let n = 12 + -2. What is the highest common divisor of n and b?
10
Let w be 1*(4 - 2 - -2). Suppose -104 = -w*z + 4. What is the highest common divisor of z and 18?
9
Let y(d) = -d**3 + 5*d**2 - 12. Let f be y(3). What is the highest common divisor of 75 and f?
3
Let n be (4914/504)/((-1)/(-8)). What is the highest common factor of n and 351?
39
Let g be 12 + (-2 - (-8 - 4)). Suppose -4*s - 16 = n + 400, -4*s - 2*n = 416. Let f = s - -159. Calculate the greatest common factor of f and g.
11
Let p(m) = 15*m**2. Let b be p(-1). Let h = 66 - 62. Suppose h*k + 4*t - 198 = 90, 0 = -3*k + t + 228. Calculate the highest common divisor of b and k.
15
Let l(s) = s**2 - 3*s - 291. Let w be l(-16). What is the greatest common factor of w and 299?
13
Suppose 10*o - 15*o + 100 = 0. Calculate the greatest common divisor of 600 and o.
20
Let t = 587 - 571. What is the highest common divisor of t and 264?
8
Let 